mmon factor of 158025 and 21525.
525
Calculate the highest common factor of 7163874 and 76.
38
What is the greatest common factor of 216 and 76554?
18
What is the greatest common factor of 7429 and 874?
437
Calculate the highest common divisor of 12 and 107682.
6
Calculate the greatest common factor of 447905 and 3625.
145
Calculate the highest common divisor of 240682 and 26.
26
Calculate the highest common divisor of 27319 and 8075.
17
Calculate the highest common divisor of 86 and 6837.
43
Calculate the highest common divisor of 269294 and 116.
58
What is the greatest common factor of 17280 and 2322?
54
Calculate the highest common divisor of 151998 and 13398.
462
What is the highest common factor of 12 and 750540?
12
What is the greatest common divisor of 14745 and 15?
15
Calculate the greatest common divisor of 1994 and 20.
2
Calculate the greatest common divisor of 9 and 31041.
9
Calculate the greatest common factor of 8464 and 224.
16
What is the greatest common divisor of 1341 and 12814?
149
Calculate the highest common factor of 721 and 22866.
103
Calculate the highest common factor of 2579787 and 63.
63
Calculate the highest common divisor of 206 and 61697.
103
What is the highest common divisor of 2384 and 262538?
298
What is the highest common factor of 20439 and 432?
27
What is the greatest common factor of 55 and 2480?
5
What is the highest common divisor of 56632 and 256?
8
Calculate the highest common factor of 15 and 139495.
5
What is the greatest common divisor of 329610 and 30?
30
What is the greatest common factor of 289 and 169643?
289
Calculate the highest common divisor of 3150 and 3010.
70
What is the greatest common divisor of 48 and 2224?
16
What is the highest common factor of 5496 and 3072?
24
Calculate the highest common factor of 13 and 1076062.
13
What is the greatest common divisor of 522692 and 596?
596
What is the greatest common factor of 104949 and 39?
39
Calculate the greatest common factor of 1127 and 57270.
23
Calculate the highest common divisor of 120123 and 81.
81
Calculate the highest common divisor of 280 and 110.
10
Calculate the highest common factor of 568518 and 171.
57
What is the greatest common divisor of 78100 and 88?
44
Calculate the greatest common factor of 5 and 14215.
5
Calculate the highest common factor of 599 and 491779.
599
What is the highest common divisor of 243773 and 317?
317
What is the highest common factor of 7108186 and 94?
94
What is the highest common factor of 16172 and 156?
52
Calculate the greatest common divisor of 41 and 13817.
41
Calculate the greatest common factor of 37440 and 2665.
65
What is the highest common factor of 840 and 190820?
140
What is the highest common factor of 17342 and 58?
58
What is the highest common divisor of 439110 and 198?
18
What is the greatest common divisor of 19 and 294?
1
Calculate the greatest common factor of 151 and 1515587.
151
Calculate the highest common divisor of 5853 and 6.
3
Calculate the highest common divisor of 34715 and 11659.
131
What is the highest common factor of 22150 and 150?
50
Calculate the greatest common divisor of 478261 and 238.
119
Calculate the greatest common factor of 226176 and 2508.
228
What is the highest common divisor of 24 and 7960?
8
What is the highest common factor of 415 and 5610?
5
What is the highest common divisor of 28510 and 5?
5
Calculate the highest common divisor of 7040 and 23840.
160
What is the highest common factor of 88 and 149768?
8
What is the highest common factor of 2310 and 9570?
330
Calculate the greatest common factor of 5052 and 8438524.
1684
Calculate the highest common divisor of 54 and 647811.
27
What is the highest common factor of 317902 and 104?
26
What is the highest common divisor of 3864 and 3234?
42
Calculate the highest common divisor of 3003645 and 1020.
255
Calculate the greatest common factor of 2436 and 24969.
609
What is the greatest common factor of 2344739 and 1366?
683
What is the greatest common divisor of 173471 and 164?
41
Calculate the highest common factor of 3347 and 5.
1
Calculate the highest common factor of 1088 and 734536.
136
Calculate the greatest common divisor of 1251 and 18348.
417
Calculate the greatest common divisor of 3770 and 26.
26
What is the highest common divisor of 837 and 531?
9
Calculate the highest common divisor of 10864 and 560.
112
Calculate the greatest common divisor of 426930 and 420.
210
What is the greatest common divisor of 52 and 7118579?
13
What is the greatest common divisor of 5083 and 11063?
299
What is the highest common factor of 3040 and 620768?
608
What is the greatest common divisor of 7581 and 504?
21
Calculate the highest common divisor of 1685 and 1055.
5
What is the greatest common factor of 258604 and 476?
68
Calculate the greatest common factor of 8789059 and 667.
667
Calculate the highest common divisor of 2016 and 1100064.
672
Calculate the greatest common factor of 128 and 832144.
16
What is the greatest common divisor of 102 and 12580?
34
Calculate the greatest common divisor of 56 and 3794616.
56
Calculate the greatest common factor of 4794 and 17954.
94
Calculate the greatest common divisor of 1898064 and 21789.
2421
What is the greatest common factor of 1266313 and 17?
17
What is the greatest common factor of 41 and 537223?
41
Calculate the greatest common factor of 1940 and 3580270.
970
Calculate the highest common factor of 936310 and 2180.
1090
What is the highest common factor of 162992 and 48?
16
What is the highest common divisor of 37271 and 61?
61
Calculate the highest common factor of 655 and 460.
5
Calculate the greatest common divisor of 710 and 204835.
355
Calculate the greatest common factor of 700280 and 122.
122
Calculate the highest common divisor of 12246 and 25974.
78
Calculate the greatest common divisor of 229415 and 255.
85
Calculate the greatest common divisor of 499560 and 8832.
552
Calculate the greatest common divisor of 4720 and 1280.
80
What is the greatest common factor of 311 and 398?
1
What is the highest common divisor of 555940 and 63?
7
Calculate the greatest common factor of 6095 and 736.
23
What is the greatest common divisor of 455370 and 90?
30
What is the highest common divisor of 2985 and 573?
3
Calculate the highest common divisor of 23625 and 567.
189
What is the highest common divisor of 168 and 6888?
168
Calculate the greatest common divisor of 15 and 10119705.
15
What is the greatest common divisor of 49 and 50617?
49
What is the highest common factor of 31023 and 6511?
383
Calculate the greatest common factor of 74 and 6343576.
74
Calculate the greatest common divisor of 1540 and 673596.
308
Calculate the highest common divisor of 20361 and 33.
33
What is the highest common factor of 296 and 1207532?
148
Calculate the highest common factor of 110 and 10736.
22
Calculate the greatest common divisor of 5928 and 11362.
494
What is the greatest common factor of 31091 and 2?
1
What is the highest common divisor of 549 and 5429?
61
Calculate the greatest common divisor of 3434930 and 530.
530
Calculate the greatest common divisor of 1203 and 1605203.
401
Calculate the highest common factor of 648 and 120609.
81
Calculate the greatest common divisor of 192 and 4632.
24
What is the greatest common divisor of 9780 and 21?
3
What is the greatest common divisor of 1184 and 14356?
148
What is the highest common divisor of 156 and 286026?
78
Calculate the greatest common divisor of 3766 and 13146.
14
Calculate the greatest common divisor of 1134 and 2349.
81
Calculate the greatest common divisor of 1553146 and 14.
14
What is the highest common factor of 1 and 128027?
1
What is the highest common factor of 29724 and 72?
12
What is the greatest common divisor of 96609 and 3?
3
Calculate the greatest common factor of 462 and 19327.
77
What is the greatest common factor of 467425 and 3?
1
What is the greatest common divisor of 1413 and 342?
9
Calculate the greatest common factor of 24934 and 65611.
91
What is the greatest common factor of 770 and 25487?
77
What is the greatest common divisor of 48849 and 57?
57
Calculate the greatest common divisor of 848 and 160431.
53
Calculate the greatest common factor of 204909 and 501.
501
What is the highest common divisor o